{"id":52734,"date":"2023-02-11T02:37:40","date_gmt":"2023-02-11T02:37:40","guid":{"rendered":"http:\/\/www.cacsa.com.pa\/?page_id=52734"},"modified":"2023-03-14T21:24:41","modified_gmt":"2023-03-14T21:24:41","slug":"historia","status":"publish","type":"page","link":"https:\/\/www.cacsa.com.pa\/?page_id=52734","title":{"rendered":"Historia"},"content":{"rendered":"\t\t<div data-elementor-type=\"wp-page\" data-elementor-id=\"52734\" class=\"elementor elementor-52734\">\n\t\t\t\t\t\t<section class=\"elementor-section elementor-top-section elementor-element elementor-element-1794bb9 elementor-section-boxed elementor-section-height-default elementor-section-height-default\" data-id=\"1794bb9\" data-element_type=\"section\">\n\t\t\t\t\t\t<div class=\"elementor-container elementor-column-gap-default\">\n\t\t\t\t\t<div class=\"elementor-column elementor-col-100 elementor-top-column elementor-element elementor-element-4747069\" data-id=\"4747069\" data-element_type=\"column\">\n\t\t\t<div class=\"elementor-widget-wrap elementor-element-populated\">\n\t\t\t\t\t\t<div class=\"elementor-element elementor-element-9f8a619 elementor-widget elementor-widget-spacer\" data-id=\"9f8a619\" data-element_type=\"widget\" data-widget_type=\"spacer.default\">\n\t\t\t\t<div class=\"elementor-widget-container\">\n\t\t\t\t\t<div class=\"elementor-spacer\">\n\t\t\t<div class=\"elementor-spacer-inner\"><\/div>\n\t\t<\/div>\n\t\t\t\t<\/div>\n\t\t\t\t<\/div>\n\t\t\t\t\t<\/div>\n\t\t<\/div>\n\t\t\t\t\t<\/div>\n\t\t<\/section>\n\t\t\t\t<section class=\"elementor-section elementor-top-section elementor-element elementor-element-12a261d elementor-section-boxed elementor-section-height-default elementor-section-height-default\" data-id=\"12a261d\" data-element_type=\"section\">\n\t\t\t\t\t\t<div class=\"elementor-container elementor-column-gap-default\">\n\t\t\t\t\t<div class=\"elementor-column elementor-col-100 elementor-top-column elementor-element elementor-element-75b8260\" data-id=\"75b8260\" data-element_type=\"column\">\n\t\t\t<div class=\"elementor-widget-wrap elementor-element-populated\">\n\t\t\t\t\t\t<div class=\"elementor-element elementor-element-c95eb55 horizontal-line-align-left vertical-line-align-bottom elementor-widget elementor-widget-tm-ele-section-title\" data-id=\"c95eb55\" data-element_type=\"widget\" data-widget_type=\"tm-ele-section-title.default\">\n\t\t\t\t<div class=\"elementor-widget-container\">\n\t\t\t<div class=\"tm-sc-section-title section-title title-icon-pos-icon-left \">\r\n\t<div class=\"title-wrapper\">\r\n\t\t\t\t\t\t<p class=\"subtitle \">\r\n\r\n\t\t\t\t<img decoding=\"async\" class=\"title-icon\" src=\"https:\/\/www.cacsa.com.pa\/wp-content\/uploads\/2023\/01\/appletouch72px.png\" alt=\"icon\">\t\t\r\n\t\tDESDE 1956\t<\/p>\r\n\t\t\t\t<h5 class=\"title \">\r\n\r\n\t\t\r\n\t\t\t\t<span class=\"title-part1 \">Nuestra historia<\/span>\r\n\t\t\t\t\r\n\t\t\r\n\t<\/h5>\r\n\t<div class=\"title-seperator-line\"><\/div>\t\t\t\t\t\t<\/div>\r\n<\/div>\t\t<\/div>\n\t\t\t\t<\/div>\n\t\t\t\t<section class=\"elementor-section elementor-inner-section elementor-element elementor-element-545f2ba elementor-section-boxed elementor-section-height-default elementor-section-height-default\" data-id=\"545f2ba\" data-element_type=\"section\">\n\t\t\t\t\t\t<div class=\"elementor-container elementor-column-gap-default\">\n\t\t\t\t\t<div class=\"elementor-column elementor-col-50 elementor-inner-column elementor-element elementor-element-8589970\" data-id=\"8589970\" data-element_type=\"column\">\n\t\t\t<div class=\"elementor-widget-wrap elementor-element-populated\">\n\t\t\t\t\t\t<div class=\"elementor-element elementor-element-b2546cd elementor-widget elementor-widget-text-editor\" data-id=\"b2546cd\" data-element_type=\"widget\" data-widget_type=\"text-editor.default\">\n\t\t\t\t<div class=\"elementor-widget-container\">\n\t\t\t\t\t\t\t<p style=\"text-align: left;\"><strong><span>P<\/span><\/strong><span>or los a\u00f1os 1955 y 1956, se encontraba al frente de la\u00a0<\/span><strong>Parroquia de Puerto Armuelles<\/strong><span>, el Sacerdote Cat\u00f3lico,\u00a0<\/span><strong>Rvdo. James Gleason<\/strong><span>, conocido como el Padre Jaime. Una de sus grandes preocupaciones, eran los\u00a0<\/span><strong>trabajadores del Muelle<\/strong><span>, que manten\u00eda la Chiriqu\u00ed Land Company, para recibir a los barcos distribuidores de banano.<\/span><\/p>\t\t\t\t\t\t<\/div>\n\t\t\t\t<\/div>\n\t\t\t\t<div class=\"elementor-element elementor-element-473cc55 elementor-widget elementor-widget-text-editor\" data-id=\"473cc55\" data-element_type=\"widget\" data-widget_type=\"text-editor.default\">\n\t\t\t\t<div class=\"elementor-widget-container\">\n\t\t\t\t\t\t\t<p style=\"text-align: left;\"><span>Este grupo de personas al haber recibido sus salarios, despu\u00e9s de que el barco se fuera, se volcaban a los centros de diversi\u00f3n,\u00a0<\/span><strong>dejando all\u00ed, el fruto de su trabajo<\/strong><span>\u00a0recio y regresando m\u00e1s tarde a sus hogares,\u00a0<\/span><strong>sin un centavo del salario recibido<\/strong><span>. Situaci\u00f3n que se daba todos los d\u00edas, ya que en dicho departamento se pagaba diariamente.<\/span><\/p>\t\t\t\t\t\t<\/div>\n\t\t\t\t<\/div>\n\t\t\t\t<div class=\"elementor-element elementor-element-5e47b57 elementor-widget elementor-widget-text-editor\" data-id=\"5e47b57\" data-element_type=\"widget\" data-widget_type=\"text-editor.default\">\n\t\t\t\t<div class=\"elementor-widget-container\">\n\t\t\t\t\t\t\t<p style=\"text-align: left;\"><span>Los trabajadores, ganaban salarios en proporci\u00f3n, mucho m\u00e1s altos que un oficinista, sin embargo, su\u00a0<\/span><strong>situaci\u00f3n econ\u00f3mica era precaria<\/strong><span>, por el sistema de vida que llevaban y porque los\u00a0<\/span><strong>usureros recog\u00edan<\/strong><span>\u00a0todo el fruto de sus salarios con los\u00a0<\/span><strong>altos intereses de los pr\u00e9stamos<\/strong><span>.<\/span><\/p>\t\t\t\t\t\t<\/div>\n\t\t\t\t<\/div>\n\t\t\t\t\t<\/div>\n\t\t<\/div>\n\t\t\t\t<div class=\"elementor-column elementor-col-50 elementor-inner-column elementor-element elementor-element-784c67a\" data-id=\"784c67a\" data-element_type=\"column\">\n\t\t\t<div class=\"elementor-widget-wrap elementor-element-populated\">\n\t\t\t\t\t\t<div class=\"elementor-element elementor-element-a5d827f elementor-widget elementor-widget-text-editor\" data-id=\"a5d827f\" data-element_type=\"widget\" data-widget_type=\"text-editor.default\">\n\t\t\t\t<div class=\"elementor-widget-container\">\n\t\t\t\t\t\t\t<p style=\"text-align: left;\"><span>En vista de esa situaci\u00f3n que era un c\u00e1ncer social, el Padre Jaime, se propuso buscarle una soluci\u00f3n, con el objetivo fundamental de\u00a0<\/span><strong>formar una agrupaci\u00f3n que resolviera los problemas<\/strong><span>\u00a0de inmediato, y sacarlos de las garras de los agiotistas, cre\u00e1ndoles una personalidad nueva, que se reflejar\u00eda en el\u00a0<\/span><strong>fortalecimiento de la unidad de la familia, redundando en su beneficio<\/strong><span>\u00a0y por ende, en el de la\u00a0<\/span><strong>comunidad<\/strong><span>.<\/span><\/p>\t\t\t\t\t\t<\/div>\n\t\t\t\t<\/div>\n\t\t\t\t<div class=\"elementor-element elementor-element-e7e43b5 elementor-widget elementor-widget-text-editor\" data-id=\"e7e43b5\" data-element_type=\"widget\" data-widget_type=\"text-editor.default\">\n\t\t\t\t<div class=\"elementor-widget-container\">\n\t\t\t\t\t\t\t<p style=\"text-align: left;\"><span>As\u00ed\u00a0<\/span><strong>naci\u00f3 la idea de una sociedad de cr\u00e9dito<\/strong><span>. Posteriormente el Padre Jaime cita a grupo de caballeros, ciudadanos del lugar, para difundir su idea y para que le ayudaran a su creaci\u00f3n. Siendo as\u00ed como tom\u00f3 personalidad la idea de la formaci\u00f3n de una\u00a0<\/span><strong>sociedad de ahorro<\/strong><span>\u00a0encaminada \u00fanica y exclusivamente al\u00a0<\/span><strong>rescate de la vida socio-econ\u00f3mica de los muelleros.<\/strong><\/p>\t\t\t\t\t\t<\/div>\n\t\t\t\t<\/div>\n\t\t\t\t<div class=\"elementor-element elementor-element-133da95 elementor-widget elementor-widget-text-editor\" data-id=\"133da95\" data-element_type=\"widget\" data-widget_type=\"text-editor.default\">\n\t\t\t\t<div class=\"elementor-widget-container\">\n\t\t\t\t\t\t\t<p style=\"text-align: left;\"><strong><span style=\"color: #b7ce35;\">Y as\u00ed fue. Aquellos primeros hombres, le dieron personalidad propia a la cooperativa naciente.<\/span><\/strong><\/p>\t\t\t\t\t\t<\/div>\n\t\t\t\t<\/div>\n\t\t\t\t\t<\/div>\n\t\t<\/div>\n\t\t\t\t\t<\/div>\n\t\t<\/section>\n\t\t\t\t\t<\/div>\n\t\t<\/div>\n\t\t\t\t\t<\/div>\n\t\t<\/section>\n\t\t\t\t<section class=\"elementor-section elementor-top-section elementor-element elementor-element-d30ec08 elementor-section-boxed elementor-section-height-default elementor-section-height-default\" data-id=\"d30ec08\" data-element_type=\"section\">\n\t\t\t\t\t\t<div class=\"elementor-container elementor-column-gap-default\">\n\t\t\t\t\t<div class=\"elementor-column elementor-col-100 elementor-top-column elementor-element elementor-element-618140d\" data-id=\"618140d\" data-element_type=\"column\">\n\t\t\t<div class=\"elementor-widget-wrap elementor-element-populated\">\n\t\t\t\t\t\t<section class=\"elementor-section elementor-inner-section elementor-element elementor-element-c545c74 elementor-section-boxed elementor-section-height-default elementor-section-height-default\" data-id=\"c545c74\" data-element_type=\"section\" data-settings=\"{&quot;background_background&quot;:&quot;classic&quot;}\">\n\t\t\t\t\t\t\t<div class=\"elementor-background-overlay\"><\/div>\n\t\t\t\t\t\t\t<div class=\"elementor-container elementor-column-gap-default\">\n\t\t\t\t\t<div class=\"elementor-column elementor-col-100 elementor-inner-column elementor-element elementor-element-171debd\" data-id=\"171debd\" data-element_type=\"column\">\n\t\t\t<div class=\"elementor-widget-wrap elementor-element-populated\">\n\t\t\t\t\t\t<div class=\"elementor-element elementor-element-21a7d37 elementor-widget elementor-widget-text-editor\" data-id=\"21a7d37\" data-element_type=\"widget\" data-widget_type=\"text-editor.default\">\n\t\t\t\t<div class=\"elementor-widget-container\">\n\t\t\t\t\t\t\t<p><span>La\u00a0<\/span><span>Cooperativa de Ahorro y Cr\u00e9dito San Antonio, R.L.<\/span><span>\u00a0fue fundada el 20 de noviembre de 1956, en la ciudad de Puerto Armuelles, provincia de Chiriqu\u00ed, Rep\u00fablica de Panam\u00e1. Inici\u00f3 con 47 asociados y un capital social de B\/. 111.25.<\/span><\/p>\t\t\t\t\t\t<\/div>\n\t\t\t\t<\/div>\n\t\t\t\t<div class=\"elementor-element elementor-element-3e3bf51 elementor-widget-divider--view-line elementor-widget elementor-widget-divider\" data-id=\"3e3bf51\" data-element_type=\"widget\" data-widget_type=\"divider.default\">\n\t\t\t\t<div class=\"elementor-widget-container\">\n\t\t\t\t\t<div class=\"elementor-divider\">\n\t\t\t<span class=\"elementor-divider-separator\">\n\t\t\t\t\t\t<\/span>\n\t\t<\/div>\n\t\t\t\t<\/div>\n\t\t\t\t<\/div>\n\t\t\t\t<div class=\"elementor-element elementor-element-900340b elementor-widget elementor-widget-text-editor\" data-id=\"900340b\" data-element_type=\"widget\" data-widget_type=\"text-editor.default\">\n\t\t\t\t<div class=\"elementor-widget-container\">\n\t\t\t\t\t\t\t<p><span>CACSA empez\u00f3 carente de todo, pero con una gran voluntad y osad\u00eda. Su primera oficina de operaciones fue en un peque\u00f1o albergue oscuro y falto de ventilaci\u00f3n, era el s\u00f3tano del edificio Oficina General de la Chiriqu\u00ed Land Company.<\/span><\/p>\t\t\t\t\t\t<\/div>\n\t\t\t\t<\/div>\n\t\t\t\t\t<\/div>\n\t\t<\/div>\n\t\t\t\t\t<\/div>\n\t\t<\/section>\n\t\t\t\t\t<\/div>\n\t\t<\/div>\n\t\t\t\t\t<\/div>\n\t\t<\/section>\n\t\t\t\t<section class=\"elementor-section elementor-top-section elementor-element elementor-element-a5b1152 elementor-section-boxed elementor-section-height-default elementor-section-height-default\" data-id=\"a5b1152\" data-element_type=\"section\">\n\t\t\t\t\t\t<div class=\"elementor-container elementor-column-gap-default\">\n\t\t\t\t\t<div class=\"elementor-column elementor-col-100 elementor-top-column elementor-element elementor-element-2f57ec3\" data-id=\"2f57ec3\" data-element_type=\"column\">\n\t\t\t<div class=\"elementor-widget-wrap elementor-element-populated\">\n\t\t\t\t\t\t<div class=\"elementor-element elementor-element-53f7bdb elementor-widget elementor-widget-spacer\" data-id=\"53f7bdb\" data-element_type=\"widget\" data-widget_type=\"spacer.default\">\n\t\t\t\t<div class=\"elementor-widget-container\">\n\t\t\t\t\t<div class=\"elementor-spacer\">\n\t\t\t<div class=\"elementor-spacer-inner\"><\/div>\n\t\t<\/div>\n\t\t\t\t<\/div>\n\t\t\t\t<\/div>\n\t\t\t\t\t<\/div>\n\t\t<\/div>\n\t\t\t\t\t<\/div>\n\t\t<\/section>\n\t\t\t\t<section class=\"elementor-section elementor-top-section elementor-element elementor-element-bf24719 elementor-section-boxed elementor-section-height-default elementor-section-height-default\" data-id=\"bf24719\" data-element_type=\"section\">\n\t\t\t\t\t\t<div class=\"elementor-container elementor-column-gap-default\">\n\t\t\t\t\t<div class=\"elementor-column elementor-col-50 elementor-top-column elementor-element elementor-element-89f9241\" data-id=\"89f9241\" data-element_type=\"column\">\n\t\t\t<div class=\"elementor-widget-wrap elementor-element-populated\">\n\t\t\t\t\t\t<div class=\"elementor-element elementor-element-ac79f6d elementor-widget elementor-widget-image\" data-id=\"ac79f6d\" data-element_type=\"widget\" data-widget_type=\"image.default\">\n\t\t\t\t<div class=\"elementor-widget-container\">\n\t\t\t\t\t\t\t\t\t\t\t\t\t<img fetchpriority=\"high\" decoding=\"async\" width=\"450\" height=\"300\" src=\"https:\/\/www.cacsa.com.pa\/wp-content\/uploads\/2023\/02\/MUESTRA_CACSA.jpg\" class=\"attachment-large size-large wp-image-52739\" alt=\"\" srcset=\"https:\/\/www.cacsa.com.pa\/wp-content\/uploads\/2023\/02\/MUESTRA_CACSA.jpg 450w, https:\/\/www.cacsa.com.pa\/wp-content\/uploads\/2023\/02\/MUESTRA_CACSA-300x200.jpg 300w\" sizes=\"(max-width: 450px) 100vw, 450px\" \/>\t\t\t\t\t\t\t\t\t\t\t\t\t<\/div>\n\t\t\t\t<\/div>\n\t\t\t\t\t<\/div>\n\t\t<\/div>\n\t\t\t\t<div class=\"elementor-column elementor-col-50 elementor-top-column elementor-element elementor-element-2c3ad74\" data-id=\"2c3ad74\" data-element_type=\"column\">\n\t\t\t<div class=\"elementor-widget-wrap elementor-element-populated\">\n\t\t\t\t\t\t<div class=\"elementor-element elementor-element-67661f0 elementor-widget elementor-widget-text-editor\" data-id=\"67661f0\" data-element_type=\"widget\" data-widget_type=\"text-editor.default\">\n\t\t\t\t<div class=\"elementor-widget-container\">\n\t\t\t\t\t\t\t<p>Hoy d\u00eda han transcurrido varias d\u00e9cadas de esa visionaria iniciativa, en un escenario plagado de incertidumbre y crecientes complejidades. CACSA no s\u00f3lo ha mantenido viva la llama del<span>\u00a0<\/span><a href=\"https:\/\/cacsa.com.pa\/cooperativismo\/\">cooperativismo<\/a><span>\u00a0<\/span>en la regi\u00f3n donde naci\u00f3, sino que la ha llevado a otros lugares, a trav\u00e9s de una pol\u00edtica de puertas abiertas, permitiendo as\u00ed a m\u00e1s personas beneficiarse del sistema.<\/p><p>Las oficinas de la Gerencia General y la Junta de Directores se encuentran ubicadas en la ciudad de David. Contamos adem\u00e1s, con las Sucursales de Bar\u00fa y David, las Agencias de Bugaba, Dival\u00e1, Avenida Cuba, Changuinola, Boquete, Albrook, Santiago y las oficinas de atenci\u00f3n ubicadas en La Chorrera y Chitr\u00e9.<\/p>\t\t\t\t\t\t<\/div>\n\t\t\t\t<\/div>\n\t\t\t\t<div class=\"elementor-element elementor-element-b5b2596 elementor-widget elementor-widget-button\" data-id=\"b5b2596\" data-element_type=\"widget\" data-widget_type=\"button.default\">\n\t\t\t\t<div class=\"elementor-widget-container\">\n\t\t\t\t\t<div class=\"elementor-button-wrapper\">\n\t\t\t<a class=\"elementor-button elementor-button-link elementor-size-md\" href=\"https:\/\/www.cacsa.com.pa\/?page_id=52641\">\n\t\t\t\t\t\t<span class=\"elementor-button-content-wrapper\">\n\t\t\t\t\t\t\t\t\t<span class=\"elementor-button-text\">Agencias y Sucursales<\/span>\n\t\t\t\t\t<\/span>\n\t\t\t\t\t<\/a>\n\t\t<\/div>\n\t\t\t\t<\/div>\n\t\t\t\t<\/div>\n\t\t\t\t\t<\/div>\n\t\t<\/div>\n\t\t\t\t\t<\/div>\n\t\t<\/section>\n\t\t\t\t<\/div>\n\t\t","protected":false},"excerpt":{"rendered":"<p>DESDE 1956 Nuestra historia Por los a\u00f1os 1955 y 1956, se encontraba al frente de la\u00a0Parroquia de Puerto Armuelles, el&#8230;<\/p>\n","protected":false},"author":2,"featured_media":0,"parent":0,"menu_order":0,"comment_status":"closed","ping_status":"closed","template":"","meta":{"_monsterinsights_skip_tracking":false,"_monsterinsights_sitenote_active":false,"_monsterinsights_sitenote_note":"","_monsterinsights_sitenote_category":0,"footnotes":""},"class_list":["post-52734","page","type-page","status-publish","hentry"],"aioseo_notices":[],"_links":{"self":[{"href":"https:\/\/www.cacsa.com.pa\/index.php?rest_route=\/wp\/v2\/pages\/52734","targetHints":{"allow":["GET"]}}],"collection":[{"href":"https:\/\/www.cacsa.com.pa\/index.php?rest_route=\/wp\/v2\/pages"}],"about":[{"href":"https:\/\/www.cacsa.com.pa\/index.php?rest_route=\/wp\/v2\/types\/page"}],"author":[{"embeddable":true,"href":"https:\/\/www.cacsa.com.pa\/index.php?rest_route=\/wp\/v2\/users\/2"}],"replies":[{"embeddable":true,"href":"https:\/\/www.cacsa.com.pa\/index.php?rest_route=%2Fwp%2Fv2%2Fcomments&post=52734"}],"version-history":[{"count":22,"href":"https:\/\/www.cacsa.com.pa\/index.php?rest_route=\/wp\/v2\/pages\/52734\/revisions"}],"predecessor-version":[{"id":53714,"href":"https:\/\/www.cacsa.com.pa\/index.php?rest_route=\/wp\/v2\/pages\/52734\/revisions\/53714"}],"wp:attachment":[{"href":"https:\/\/www.cacsa.com.pa\/index.php?rest_route=%2Fwp%2Fv2%2Fmedia&parent=52734"}],"curies":[{"name":"wp","href":"https:\/\/api.w.org\/{rel}","templated":true}]}}